5?
True
Is 27 a factor of 2943?
True
Is 2289 a multiple of 5?
False
Is 500 a multiple of 20?
True
Does 2 divide 612?
True
Is 6 a factor of 4684?
False
Is 146 a factor of 9344?
True
Does 18 divide 7686?
True
Does 16 divide 58226?
False
Is 1561 a multiple of 22?
False
Is 74 a factor of 3274?
False
Is 160 a multiple of 16?
True
Does 129 divide 2373?
False
Is 35801 a multiple of 13?
False
Does 118 divide 30680?
True
Is 162 a factor of 20699?
False
Is 8 a factor of 24?
True
Does 8 divide 97?
False
Is 27573 a multiple of 13?
True
Is 4029 a multiple of 17?
True
Is 3177 a multiple of 14?
False
Does 20 divide 1032?
False
Does 176 divide 45695?
False
Is 15 a factor of 18131?
False
Is 50 a factor of 950?
True
Is 33600 a multiple of 60?
True
Is 6 a factor of 12414?
True
Is 55 a factor of 1937?
False
Is 41 a factor of 410?
True
Is 24 a factor of 1655?
False
Is 136 a factor of 8074?
False
Does 10 divide 20817?
False
Is 13 a factor of 4996?
False
Is 117 a factor of 9554?
False
Is 5123 a multiple of 93?
False
Does 3 divide 4995?
True
Does 4 divide 191?
False
Is 24 a factor of 10198?
False
Does 21 divide 544?
False
Is 384 a multiple of 128?
True
Is 7240 a multiple of 36?
False
Is 165 a multiple of 4?
False
Does 30 divide 9150?
True
Is 10 a factor of 210?
True
Does 42 divide 1386?
True
Is 68 a factor of 5500?
False
Is 71 a factor of 8839?
False
Does 54 divide 70269?
False
Is 1750 a multiple of 50?
True
Is 37 a factor of 521?
False
Does 10 divide 15820?
True
Does 11 divide 11968?
True
Does 10 divide 9240?
True
Is 187 even?
False
Is 20 a factor of 15680?
True
Is 17485 a multiple of 30?
False
Is 7 a factor of 1694?
True
Is 2196 a multiple of 9?
True
Is 1739 a multiple of 101?
False
Is 79099 a multiple of 83?
True
Is 1380 a multiple of 15?
True
Is 8049 a multiple of 27?
False
Is 1319 a multiple of 40?
False
Does 12 divide 711?
False
Is 16450 a multiple of 50?
True
Is 3 a factor of 258?
True
Is 2142 a multiple of 21?
True
Is 6 a factor of 161?
False
Is 3 a factor of 64?
False
Is 8 a factor of 208?
True
Does 18 divide 1904?
False
Is 14217 a multiple of 7?
True
Is 74 a factor of 1610?
False
Is 37 a factor of 592?
True
Is 40 a multiple of 10?
True
Does 8 divide 3714?
False
Does 7 divide 313?
False
Is 60 a factor of 15936?
False
Does 20 divide 17880?
True
Is 31949 a multiple of 163?
False
Is 11 a factor of 7682?
False
Is 17 a factor of 24675?
False
Is 528 a multiple of 33?
True
Does 6 divide 127?
False
Does 7 divide 2900?
False
Is 13 a factor of 715?
True
Is 6419 a multiple of 34?
False
Does 156 divide 17921?
False
Does 48 divide 29664?
True
Is 17 a factor of 7331?
False
Is 3272 a multiple of 15?
False
Is 2 a factor of 67?
False
Does 38 divide 3572?
True
Is 22 a factor of 1158?
False
Does 39 divide 30966?
True
Is 28294 a multiple of 94?
True
Does 11 divide 47236?
False
Does 21 divide 1304?
False
Does 13 divide 14352?
True
Does 16 divide 43312?
True
Is 624 a multiple of 15?
False
Does 25 divide 125?
True
Is 525 a multiple of 21?
True
Is 5207 a multiple of 199?
False
Is 8704 a multiple of 128?
True
Is 79 a factor of 13752?
False
Does 120 divide 34200?
True
Does 11 divide 21637?
True
Does 16 divide 2873?
False
Is 14672 a multiple of 12?
False
Is 776 a multiple of 10?
False
Is 59 a factor of 413?
True
Does 23 divide 253?
True
Is 76 a multiple of 11?
False
Does 17 divide 3893?
True
Is 94 a factor of 940?
True
Is 44153 a multiple of 12?
False
Is 58 a factor of 290?
True
Is 25519 a multiple of 13?
True
Is 4 a factor of 1192?
True
Is 25858 a multiple of 14?
True
Is 169 a factor of 6591?
True
Does 19 divide 1801?
False
Does 18 divide 15121?
False
Is 22 a factor of 6450?
False
Is 7 a factor of 245?
True
Does 4 divide 452?
True
Is 378 a multiple of 69?
False
Is 1854 a multiple of 33?
False
Is 783 a multiple of 9?
True
Is 2350 a multiple of 47?
True
Is 82 a factor of 7626?
True
Is 11925 a multiple of 106?
False
Is 28728 a multiple of 57?
True
Is 18 a factor of 1152?
True
Is 11 a factor of 635?
False
Is 517 a multiple of 9?
False
Is 2 a factor of 235?
False
Is 13 a factor of 6565?
True
Does 10 divide 165?
False
Is 574 a multiple of 41?
True
Is 8 a factor of 1951?
False
Does 28 divide 335?
False
Does 3 divide 1070?
False
Does 15 divide 50805?
True
Does 49 divide 10192?
True
Is 11 a factor of 541?
False
Does 57 divide 148?
False
Does 35 divide 20817?
False
Is 183 a multiple of 61?
True
Is 5308 a multiple of 6?
False
Is 4 a factor of 468?
True
Is 6 a factor of 374?
False
Does 29 divide 3906?
False
Is 13 a factor of 32156?
False
Is 68 a factor of 57528?
True
Does 27 divide 36076?
False
Does 3 divide 535?
False
Is 2204 a multiple of 58?
True
Is 72 a factor of 4824?
True
Is 4820 a multiple of 145?
False
Is 26 a factor of 41626?
True
Is 9009 a multiple of 101?
False
Does 13 divide 13?
True
Is 10 a factor of 4018?
False
Does 23 divide 5750?
True
Does 7 divide 336?
True
Does 23 divide 39339?
False
Does 2 divide 33?
False
Is 121 a factor of 84551?
False
Does 14 divide 1412?
False
Is 34 a multiple of 12?
False
Does 25 divide 3703?
False
Is 10352 a multiple of 4?
True
Is 13 a factor of 26?
True
Is 21 a factor of 1038?
False
Is 24 a factor of 456?
True
Is 259 a multiple of 14?
False
Is 557 a multiple of 8?
False
Is 14 a factor of 15496?
False
Is 21 a factor of 22277?
False
Is 47 a factor of 75256?
False
Does 21 divide 19509?
True
Is 22578 a multiple of 12?
False
Is 643 a multiple of 8?
False
Is 5035 a multiple of 53?
True
Is 264 a factor of 84306?
False
Is 49 a multiple of 27?
False
Is 5431 a multiple of 44?
False
Does 31 divide 1457?
True
Is 169 a factor of 1183?
True
Is 1028 a multiple of 4?
True
Is 17 a factor of 15694?
False
Is 2340 a multiple of 52?
True
Is 924 a multiple of 132?
True
Does 245 divide 19571?
False
Does 75 divide 3450?
True
Is 6 a factor of 894?
True
Is 237 a factor of 33417?
True
Is 15 a factor of 550?
False
Is 8136 a multiple of 12?
True
Does 39 divide 83070?
True
Does 9 divide 3339?
True
Does 22 divide 2059?
False
Is 50 a factor of 51150?
True
Is 12 a factor of 6208?
False
Does 134 divide 3569?
False
Is 16027 a multiple of 26?
False
Is 58440 a multiple of 19?
False
Is 19 a factor of 190?
True
Does 67 divide 12786?
False
Is 728 a multiple of 14?
True
Is 137 a factor of 50155?
False
Is 23 a factor of 43631?
True
Is 45 a factor of 73115?
False
Does 15 divide 1185?
True
Is 9 a factor of 62361?
True
Is 2268 a multiple of 42?
True
Is 19 a factor of 541?
False
Is 39 a factor of 234?
True
Is 27 a factor of 11963?
False
Is 372 a factor of 10573?
False
Does 178 divide 55180?
True
Is 121383 a multiple of 180?
False
Does 17 divide 6834?
True
Is 2040 a multiple of 6?
True
Does 30 divide 1080?
True
Is 11130 a multiple of 159?
True
Is 376 a multiple of 4?
True
Does 3 divide 94?
False
Is 144 a factor of 172368?
True
Is 6 a factor of 473?
False
Does 15 divide 870?
True
Is 12 a factor of 1041?
False
Is 48 a factor of 2496?
True
Does 48 divide 207?
False
Is 230 a multiple of 15?
False
Is 21 even?
False
Does 60 divide 5091?
False
Does 31 divide 868?
True
Is 9 a factor of 1044?
True
Is 403 a multiple of 13?
True
Is 10 a factor of 450?
True
Is 17410 a multiple of 24?
False
Is 65 a factor of 63115?
True
Does 105 divide 10980?
False
Does 265 divide 15900?
True
Is 32 a factor of 64?
True
Is 1176 a multiple of 21?
True
Is 1260 a multiple of 30?
True
Is 8748 a multiple of 4?
True
Is 25116 a multiple of 46?
True
Is 3428 a multiple of 11?
False
Is 21045 a multiple of 345?
True
Is 23782 a multiple of 110?
False
Does 24 divide 9623?
False
Is 269 a factor of 21789?
True
Is 15 a factor of 1230?
True
Is 11 a factor of 829?
False
Is 42 a multiple of 6?
True
Is 21 a factor of 357?
True
Is 219 a factor of 17082?
True
Is 24 a factor of 8040?
True
Is 4796 a multiple of 44?
True
Is 16 a factor of 72032?
True
Is 456 a multiple of 44?
False
Is 5229 a multiple of 106?
False
Is 14 a factor of 70?
True
Does 8 divide 976?
True
Is 2142 a multiple of 3?
True
Is 3300 a multiple of 55?
True
Is 240 a multiple of 15?
True
Does 41 divide 976?
False
Is 11979 a multiple of 99?
True
Is 900 a multiple of 25?
True
Is 5065 a multiple of 9?
False
Does 14 divide 2282?
True
Is 49 a factor of 50127?
True
Is 6 a factor of 3109?
False
Does 60 divide 19405?
False
Does 65 divide 42731?
False
Does 10 divide 15030?
True
Is 187 a multip